hat is x(121)?
-7
Let k(y) = y**3 - y**2 + 1048*y + 2558. Determine k(0).
2558
Let x(t) = -t**3 - 10*t**2 + 163*t + 1851. Determine x(-11).
179
Let z(w) = w**2 + 657*w + 68955. Determine z(-131).
49
Let k(s) = 919*s - 52387. Determine k(57).
-4
Let h(y) = -5*y**2 + 719*y - 24087. Determine h(90).
123
Let x(o) = 33*o**2 - 1793*o - 279. What is x(54)?
-873
Let g(a) = 4338*a - 1080146. Determine g(249).
16
Let d(m) = 27*m**2 + 250*m - 214. Calculate d(-10).
-14
Let p(y) = 57010*y**2 + 342096*y + 211. Calculate p(-6).
-5
Let d(b) = 8*b**2 + 573*b + 3468. Calculate d(-65).
23
Let w(i) = -24*i**2 + 23*i - 640. Determine w(-6).
-1642
Let l(y) = -2*y**3 - 104*y**2 - 678*y - 1052. Determine l(-5).
-12
Let d(m) = 159*m**3 - 3*m**2 + 246*m + 497. Give d(-2).
-1279
Let l(q) = 3776*q - 15176. What is l(4)?
-72
Let s(g) = -2425*g + 771111. What is s(318)?
-39
Let d(h) = 162*h**2 - 480*h - 932. Calculate d(-2).
676
Let l(d) = -1758*d + 100196. Determine l(57).
-10
Let z(k) = 1088*k + 14254. Determine z(-16).
-3154
Let y(r) = 656*r + 67478. What is y(-103)?
-90
Let k(o) = -213*o**2 + 2857*o - 1124. Give k(13).
20
Let n(j) = -j**3 - 412*j**2 - 1688*j - 22853. What is n(-408)?
-5
Let h(w) = -3*w**3 - 190*w**2 + 514*w - 430. What is h(-66)?
494
Let m(h) = 5500*h + 71488. Calculate m(-13).
-12
Let n(f) = -891*f**3 + 30*f**2 - 13*f - 14. What is n(1)?
-888
Let x(n) = -1698*n + 336219. Give x(198).
15
Let r(n) = -585*n + 1959. Give r(-5).
4884
Let r(x) = x**2 - 34*x + 232. Determine r(26).
24
Let g(t) = 906*t**2 - 4698*t + 870. Give g(5).
30
Let r(q) = -8*q**2 - 4457*q + 13442. What is r(3)?
-1
Let r(y) = -10*y**3 + 430*y**2 - 38*y - 84. Determine r(43).
-1718
Let l(f) = -54281*f + 108564. Give l(2).
2
Let k(n) = -n**2 + 5092*n - 65967. Determine k(13).
60
Let l(w) = -2*w**3 + 185*w**2 + 358*w - 6948. Give l(94).
196
Let a(k) = -3*k**3 + 286*k**2 + 183*k + 932. What is a(96)?
68
Let y(m) = -664*m + 56410. Calculate y(85).
-30
Let o(p) = -3*p**3 + 57*p**2 + 325*p - 136. Determine o(-5).
39
Let c(h) = -3*h**3 - 223*h**2 + 383*h - 278. Calculate c(-76).
-506
Let w(l) = 86419*l - 10802376. Calculate w(125).
-1
Let v(i) = i**3 - 81*i**2 + 227*i + 961. Give v(78).
415
Let d(l) = -243348*l + 1460104. Give d(6).
16
Let m(o) = o**3 + 119*o**2 + 602*o + 3715. Calculate m(-114).
67
Let k(d) = d**2 - 556*d + 9280. Calculate k(19).
-923
Let o(n) = 4*n**2 - 31*n - 8682. What is o(-43)?
47
Let p(s) = -s**2 - 7914*s + 1201379. What is p(149)?
-8
Let k(x) = -240467*x + 961877. Determine k(4).
9
Let b(k) = 11*k**2 - 371*k + 2563. Give b(19).
-515
Let a(x) = 57665*x + 346003. Give a(-6).
13
Let l(f) = -13*f**3 - 2*f**2 + 754*f + 2258. Give l(-3).
329
Let h(o) = 315*o - 792. Calculate h(7).
1413
Let i(d) = 91*d**2 - 30*d - 59. Give i(-3).
850
Let z(x) = 38*x**3 - 39*x**2 + 13*x - 18. Determine z(2).
156
Let g(r) = 6*r**3 + 829*r**2 - 3280*r - 1993. Calculate g(-142).
-5
Let s(n) = -197*n + 1843. Give s(17).
-1506
Let d(a) = -3*a**2 - 969*a - 35525. What is d(-38)?
-3035
Let z(m) = -202208*m + 1213241. Determine z(6).
-7
Let z(t) = -25563*t - 127750. Determine z(-5).
65
Let z(n) = 42*n**2 - 4405*n + 4404. Calculate z(1).
41
Let o(u) = -6*u**2 - 256*u + 509. Calculate o(2).
-27
Let u(w) = -2*w**3 + 17*w**2 + 8*w + 313. What is u(14)?
-1731
Let s(i) = -1109*i + 54134. Calculate s(49).
-207
Let j(f) = -2289*f + 5772. Determine j(2).
1194
Let t(y) = -229*y + 1913. What is t(10)?
-377
Let v(w) = -331*w - 17223. What is v(-52)?
-11
Let b(n) = -n**3 + 74*n**2 + 16*n + 6413. Calculate b(75).
1988
Let l(i) = -17*i**2 + 523*i + 38. Give l(31).
-86
Let h(i) = 19584*i - 78335. Determine h(4).
1
Let y(b) = 2098*b + 3526. Calculate y(-2).
-670
Let m(t) = -t**3 + 363*t**2 - 1468*t + 11619. Give m(359).
131
Let i(u) = 9*u**2 - 1224*u - 4754. Calculate i(-4).
286
Let v(p) = -6*p**3 + 71*p**2 + 50*p - 1017. What is v(11)?
138
Let w(l) = -l**3 - 16*l**2 - 9*l - 37. Calculate w(-17).
405
Let k(d) = -2*d**3 - 142*d**2 + 115*d - 2092. Give k(-72).
-4
Let i(x) = -66*x**2 - 82*x + 286. Determine i(7).
-3522
Let f(b) = -237*b + 43961. What is f(185)?
116
Let x(u) = 2*u**2 + 120*u - 15134. Determine x(-122).
-6
Let w(d) = 3808*d - 11171. Determine w(3).
253
Let v(q) = -2*q**3 - 151*q**2 - 1626*q + 219. Give v(-62).
-2757
Let i(d) = -67452*d + 3305146. What is i(49)?
-2
Let m(c) = -70*c**3 - 2*c**2 + 153462*c - 153461. Calculate m(1).
-71
Let m(z) = -z**2 + 11039*z + 199049. Give m(-18).
23
Let k(z) = -z**2 + 2491*z + 927794. What is k(-329)?
14
Let p(w) = 32*w - 1041. Calculate p(17).
-497
Let j(u) = -33959*u - 20171640. Calculate j(-594).
6
Let g(k) = 81*k**3 + 3*k**2 - 229*k - 469. What is g(-2)?
-647
Let d(g) = g**2 - 5632*g - 221170. Determine d(-39).
-1
Let c(g) = 38341*g + 1725332. What is c(-45)?
-13
Let a(s) = s**3 + 82*s**2 + 704*s + 73243. Determine a(-84).
-5
Let l(s) = s**3 - 39*s**2 - 24*s - 496. What is l(40)?
144
Let a(n) = -5*n**3 - 436*n**2 - 515*n + 138. Give a(-86).
52
Let h(y) = -10566*y - 31718. What is h(-3)?
-20
Let b(t) = -64*t**2 - 741*t + 2079. What is b(-14)?
-91
Let a(n) = -n**3 - 41*n**2 - 148*n - 776. Calculate a(-37).
-776
Let w(l) = 1301*l - 12996. Determine w(10).
14
Let v(o) = -2049*o + 456996. What is v(223)?
69
Let l(r) = -861*r + 298788. Calculate l(347).
21
Let h(r) = 76*r**2 - 446*r + 35. What is h(4)?
-533
Let o(b) = 1541*b**2 - 74*b + 10. Determine o(1).
1477
Let z(w) = -17*w**2 + 3765*w - 23652. Give z(215).
-2
Let g(z) = -z**3 - 64*z**2 - 5*z - 739. What is g(-64)?
-419
Let p(x) = -4*x**3 - 444*x**2 - 443*x - 394. Calculate p(-110).
-64
Let x(g) = 9*g**3 - 544*g**2 + 1777*g - 552. Give x(57).
18
Let l(q) = -q**3 - 44*q**2 - 499*q - 701. Give l(-17).
-21
Let u(v) = -1300*v + 53304. Calculate u(41).
4
Let t(a) = -1372*a + 2417. What is t(2)?
-327
Let b(g) = -268*g - 23962. Determine b(-89).
-110
Let d(j) = -37475*j - 112445. Determine d(-3).
-20
Let y(b) = 526*b + 88987. What is y(-169)?
93
Let u(p) = 2*p**2 + 130404*p + 651967. Calculate u(-5).
-3
Let r(k) = 2*k**3 + 134*k**2 + 500*k - 264. Determine r(-63).
-12
Let s(i) = -2*i**2 - 15041*i + 75224. Determine s(5).
-31
Let o(l) = -433*l**2 + 1391*l - 248. Give o(3).
28
Let p(v) = -v**3 - 377*v**2 + 1527*v + 1136. Determine p(-381).
-7
Let v(i) = 1765*i + 4726. Give v(-4).
-2334
Let z(k) = 49*k - 14076. Determine z(293).
281
Let n(q) = 4177*q**2 - 12529*q - 1. Give n(3).
5
Let y(r) = -176*r - 19320. Give y(-112).
392
Let y(a) = -a**3 - 317*a**2 - 7552*a + 4074. What is y(-291)?
0
Let v(r) = -2*r**3 + 47*r**2 - 336*r + 4. Calculate v(11).
-667
Let j(v) = -64*v**3 - 1220*v**2 - 325*v - 4735. Calculate j(-19).
-4
Let c(x) = 42*x**3 - 9*x**2 + 16*x - 2. Calculate c(-3).
-1265
Let p(o) = -4434*o + 93105. Determine p(21).
-9
Let y(g) = g**2 + 52*g + 629. Give y(-21).
-22
Let b(s) = 7*s**2 + 25*s - 238. Calculate b(4).
-26
Let j(g) = 20*g**2 + 45*g + 185. What is j(-5)?
460
Let q(j) = -j**3 + 3*j**2 - 24*j + 226. What is q(10)?
-714
Let q(u) = 212*u + 2819. What is q(-12)?
275
Let l(w) = 2900*w - 1876303. Calculate l(647).
-3
Let k(r) = r**3 - 459*r**2 - 1366*r + 66. Give k(-3).
6
Let z(c) = -682*c**2 - 8753*c - 27968. Determine z(-6).
-2
Let y(j) = -30*j**2 - 34*j - 4053. What is y(0)?
-4053
Let s(l) = -118866*l - 118873. Determine s(-1).
-7
Let u(d) = 187*d**2 + 4116*d - 4256. What is u(-23)?
-1
Let n(v) = v**3 - 1271*v**2 + 10117*v - 13. Give n(8).
91
Let z(q) = -66134*q + 330391. Give z(5).
-279
Let d(i) = -2517*i + 387605. Give d(154).
-13
Let p(g) = 16627*g + 149638. Determine p(-9).
-5
Let k(h) = -10*h**2 - 242*h - 267. Give k(-23).
9
Let g(t) = 2*t**3 + 59*t**2 + 227*t + 467. What is g(-25)?
417
Let d(j) = -23*j**3 - 8*j**2 + 356*j - 1443. Determine d(4).
-1619
Let x(j) = -3414*j + 126647. What is x(37)?
329
Let o(g) = -255*g**2 + 20891*g + 1574. What is o(82)?
16
Let c(m) = m**3 - 19*m**2 + 99*m + 15. Give c(12).
195
Let o(w) = 19*w**3 + 34*w**2 + 65*w + 140. Calculate o(-2).
-6
Let q(x) = -2254*x - 2699. Determine q(-1).
-445
Let q(h) = -2502*h - 758089. Calculate q(-303).
17
Let q(u) = -2*u**3 + 20*u**2 - 1381*u + 17854. Calculate q(13).
-1113
Let q(t) = -t**3 - 53*t**2 - 155*t + 5881. Give q(-47).
-88
Let u(j) = -34*j**2 - 702*j - 27. Calculate u(-24).
-2763
Let s(d) = 21756*d - 32. Calculate s(0).
-32
Let a(l)